{"id":141,"date":"2019-08-20T06:03:37","date_gmt":"2019-08-20T06:03:37","guid":{"rendered":"https:\/\/philsophro.fr\/index.php\/about\/"},"modified":"2022-08-10T19:42:05","modified_gmt":"2022-08-10T17:42:05","slug":"portrait","status":"publish","type":"page","link":"https:\/\/philsophro.fr\/index.php\/portrait\/","title":{"rendered":"Qui suis je ?"},"content":{"rendered":"\t\t<div data-elementor-type=\"wp-post\" data-elementor-id=\"141\" class=\"elementor elementor-141\">\n\t\t\t\t\t\t<section class=\"elementor-section elementor-top-section elementor-element elementor-element-a7a3b4a elementor-section-full_width elementor-section-height-default elementor-section-height-default\" data-id=\"a7a3b4a\" data-element_type=\"section\" data-e-type=\"section\">\n\t\t\t\t\t\t<div class=\"elementor-container elementor-column-gap-default\">\n\t\t\t\t\t<div class=\"elementor-column elementor-col-100 elementor-top-column elementor-element elementor-element-ddbf7ed\" data-id=\"ddbf7ed\" data-element_type=\"column\" data-e-type=\"column\">\n\t\t\t<div class=\"elementor-widget-wrap elementor-element-populated\">\n\t\t\t\t\t\t<section class=\"elementor-section elementor-inner-section elementor-element elementor-element-1be3f4c elementor-section-boxed elementor-section-height-default elementor-section-height-default\" data-id=\"1be3f4c\" data-element_type=\"section\" data-e-type=\"section\">\n\t\t\t\t\t\t<div class=\"elementor-container elementor-column-gap-default\">\n\t\t\t\t\t<div class=\"elementor-column elementor-col-50 elementor-inner-column elementor-element elementor-element-4bd8131\" data-id=\"4bd8131\" data-element_type=\"column\" data-e-type=\"column\">\n\t\t\t<div class=\"elementor-widget-wrap elementor-element-populated\">\n\t\t\t\t\t\t<div class=\"elementor-element elementor-element-f93ce42 elementor-widget elementor-widget-image\" data-id=\"f93ce42\" data-element_type=\"widget\" data-e-type=\"widget\" data-widget_type=\"image.default\">\n\t\t\t\t<div class=\"elementor-widget-container\">\n\t\t\t\t\t\t\t\t\t\t\t\t\t\t\t<img fetchpriority=\"high\" decoding=\"async\" width=\"251\" height=\"300\" src=\"https:\/\/i0.wp.com\/philsophro.fr\/wp-content\/uploads\/2022\/07\/IMG_5693.jpg?fit=251%2C300&amp;ssl=1\" class=\"attachment-medium size-medium wp-image-1727\" alt=\"Portrait de philippe leleu\" srcset=\"https:\/\/i0.wp.com\/philsophro.fr\/wp-content\/uploads\/2022\/07\/IMG_5693.jpg?w=1070&amp;ssl=1 1070w, https:\/\/i0.wp.com\/philsophro.fr\/wp-content\/uploads\/2022\/07\/IMG_5693.jpg?resize=600%2C718&amp;ssl=1 600w, https:\/\/i0.wp.com\/philsophro.fr\/wp-content\/uploads\/2022\/07\/IMG_5693.jpg?resize=251%2C300&amp;ssl=1 251w, https:\/\/i0.wp.com\/philsophro.fr\/wp-content\/uploads\/2022\/07\/IMG_5693.jpg?resize=856%2C1024&amp;ssl=1 856w, https:\/\/i0.wp.com\/philsophro.fr\/wp-content\/uploads\/2022\/07\/IMG_5693.jpg?resize=768%2C919&amp;ssl=1 768w\" sizes=\"(max-width: 251px) 100vw, 251px\" \/>\t\t\t\t\t\t\t\t\t\t\t\t\t\t\t<\/div>\n\t\t\t\t<\/div>\n\t\t\t\t\t<\/div>\n\t\t<\/div>\n\t\t\t\t<div class=\"elementor-column elementor-col-50 elementor-inner-column elementor-element elementor-element-a74dc1e\" data-id=\"a74dc1e\" data-element_type=\"column\" data-e-type=\"column\">\n\t\t\t<div class=\"elementor-widget-wrap elementor-element-populated\">\n\t\t\t\t\t\t<div class=\"elementor-element elementor-element-020a330 elementor-widget elementor-widget-text-editor\" data-id=\"020a330\" data-element_type=\"widget\" data-e-type=\"widget\" data-widget_type=\"text-editor.default\">\n\t\t\t\t<div class=\"elementor-widget-container\">\n\t\t\t\t\t\t\t\t\t<p>Ing\u00e9nieur de formation, j&rsquo;ai travaill\u00e9 plus de 25 ans dans la finance.<br \/>Il y a quelques ann\u00e9es, j&rsquo;ai d\u00e9cid\u00e9 de quitter ce monde de folie pour me recentrer sur des choses plus essentielles.<br \/>Apr\u00e8s quelques ann\u00e9es pass\u00e9es \u00e0 exploiter un refuge de montagne dans le parc r\u00e9gional du Queyras\u00a0 (Hautes Alpes), je me suis install\u00e9 \u00e0 Aix les Bains.<\/p><p><\/p><p style=\"margin-bottom: 0px; line-height: 1.4em; color: #666666; font-family: Arial; font-size: 15px; font-style: normal; font-variant-ligatures: normal; font-variant-caps: normal; font-weight: 500;\"><\/p>\t\t\t\t\t\t\t\t<\/div>\n\t\t\t\t<\/div>\n\t\t\t\t\t<\/div>\n\t\t<\/div>\n\t\t\t\t\t<\/div>\n\t\t<\/section>\n\t\t\t\t<div class=\"elementor-element elementor-element-70cfc82 elementor-widget elementor-widget-text-editor\" data-id=\"70cfc82\" data-element_type=\"widget\" data-e-type=\"widget\" data-widget_type=\"text-editor.default\">\n\t\t\t\t<div class=\"elementor-widget-container\">\n\t\t\t\t\t\t\t\t\t<p>Je me suis form\u00e9 aux massages bien-\u00eatre et sportifs que je pratique \u00e0 mon cabinet \u00e0 Aix les Bains (<a href=\"https:\/\/philmassage.fr\" target=\"_blank\" rel=\"noopener\">philmassage.fr<\/a>).<\/p><p>Pour compl\u00e9ter ce besoin de partager et d&rsquo;accompagner, je me suis form\u00e9 au m\u00e9tier de Sophrologue<\/p><p>Aujourd&rsquo;hui, gr\u00e2ce \u00e0 la sophrologie, mon engagement est de vous aider \u00e0 faire \u00e9merger votre potentiel et vous entra\u00eener \u00e0 le mobiliser pour : g\u00e9rer votre stress, contr\u00f4ler vos \u00e9motions, vous pr\u00e9parer \u00e0 une prise de parole en public, passer un examen dans des conditions optimales, faire face aux al\u00e9as de la vie avec plus de s\u00e9r\u00e9nit\u00e9. ..<\/p><p>Ensemble, nous identifierons, activerons et d\u00e9velopperons, toutes les ressources en votre possession pour que vous deveniez acteur\/actrice de votre mieux \u00eatre au quotidien, afin d\u2019atteindre l\u2019objectif que vous vous \u00eates fix\u00e9 lors de la premi\u00e8re s\u00e9ance.<\/p><p>La Sophrologie est une th\u00e9rapie br\u00e8ve ayant pour but de vous rendre autonome au terme de l\u2019accompagnement que nous aurons men\u00e9 ensemble. Vous serez alors \u00e0 m\u00eame d\u2019en prolonger les bienfaits gr\u00e2ce aux outils que je vous aurai transmis tout au long de nos s\u00e9ances.<\/p><p>J\u2019observe le code de d\u00e9ontologie de la profession et vous garantis la confidentialit\u00e9, la bienveillance et le non-jugement.<\/p>\t\t\t\t\t\t\t\t<\/div>\n\t\t\t\t<\/div>\n\t\t\t\t\t<\/div>\n\t\t<\/div>\n\t\t\t\t\t<\/div>\n\t\t<\/section>\n\t\t\t\t<\/div>\n\t\t","protected":false},"excerpt":{"rendered":"<p>Ing\u00e9nieur de formation, j&rsquo;ai travaill\u00e9 plus de 25 ans dans la finance.Il y a quelques ann\u00e9es, j&rsquo;ai d\u00e9cid\u00e9 de quitter ce monde de folie pour me recentrer sur des choses plus essentielles.Apr\u00e8s quelques ann\u00e9es pass\u00e9es \u00e0 exploiter un refuge de montagne dans le parc r\u00e9gional du Queyras\u00a0 (Hautes Alpes), je me suis install\u00e9 \u00e0 Aix&hellip;&nbsp;<a href=\"https:\/\/philsophro.fr\/index.php\/portrait\/\" class=\"\" rel=\"bookmark\">Lire la suite &raquo;<span class=\"screen-reader-text\">Qui suis je ?<\/span><\/a><\/p>\n","protected":false},"author":1,"featured_media":0,"parent":0,"menu_order":0,"comment_status":"closed","ping_status":"closed","template":"","meta":{"_uag_custom_page_level_css":"","neve_meta_sidebar":"","neve_meta_container":"","neve_meta_enable_content_width":"","neve_meta_content_width":0,"neve_meta_title_alignment":"","neve_meta_author_avatar":"","neve_post_elements_order":"","neve_meta_disable_header":"","neve_meta_disable_footer":"","neve_meta_disable_title":"","_themeisle_gutenberg_block_has_review":false,"footnotes":""},"class_list":["post-141","page","type-page","status-publish","hentry"],"yoast_head":"<!-- This site is optimized with the Yoast SEO plugin v27.3 - https:\/\/yoast.com\/product\/yoast-seo-wordpress\/ -->\n<title>Qui suis je ? - Philsophro<\/title>\n<meta name=\"description\" content=\"Portrait de votre th\u00e9rapeute, mon parcours de vie et les diff\u00e9rentes \u00e9tapes qui m&#039;ont amener \u00e0 devenir sophrologue.\" \/>\n<meta name=\"robots\" content=\"index, follow, max-snippet:-1, max-image-preview:large, max-video-preview:-1\" \/>\n<link rel=\"canonical\" href=\"https:\/\/philsophro.fr\/index.php\/portrait\/\" \/>\n<meta property=\"og:locale\" content=\"fr_FR\" \/>\n<meta property=\"og:type\" content=\"article\" \/>\n<meta property=\"og:title\" content=\"Qui suis je ? - Philsophro\" \/>\n<meta property=\"og:description\" content=\"Portrait de votre th\u00e9rapeute, mon parcours de vie et les diff\u00e9rentes \u00e9tapes qui m&#039;ont amener \u00e0 devenir sophrologue.\" \/>\n<meta property=\"og:url\" content=\"https:\/\/philsophro.fr\/index.php\/portrait\/\" \/>\n<meta property=\"og:site_name\" content=\"Philsophro\" \/>\n<meta property=\"article:modified_time\" content=\"2022-08-10T17:42:05+00:00\" \/>\n<meta property=\"og:image\" content=\"https:\/\/philsophro.fr\/wp-content\/uploads\/2022\/07\/IMG_5693-251x300.jpg\" \/>\n<meta name=\"twitter:card\" content=\"summary_large_image\" \/>\n<meta name=\"twitter:label1\" content=\"Dur\u00e9e de lecture estim\u00e9e\" \/>\n\t<meta name=\"twitter:data1\" content=\"2 minutes\" \/>\n<script type=\"application\/ld+json\" class=\"yoast-schema-graph\">{\"@context\":\"https:\\\/\\\/schema.org\",\"@graph\":[{\"@type\":\"WebPage\",\"@id\":\"https:\\\/\\\/philsophro.fr\\\/index.php\\\/portrait\\\/\",\"url\":\"https:\\\/\\\/philsophro.fr\\\/index.php\\\/portrait\\\/\",\"name\":\"Qui suis je ? - Philsophro\",\"isPartOf\":{\"@id\":\"https:\\\/\\\/philsophro.fr\\\/#website\"},\"primaryImageOfPage\":{\"@id\":\"https:\\\/\\\/philsophro.fr\\\/index.php\\\/portrait\\\/#primaryimage\"},\"image\":{\"@id\":\"https:\\\/\\\/philsophro.fr\\\/index.php\\\/portrait\\\/#primaryimage\"},\"thumbnailUrl\":\"https:\\\/\\\/philsophro.fr\\\/wp-content\\\/uploads\\\/2022\\\/07\\\/IMG_5693-251x300.jpg\",\"datePublished\":\"2019-08-20T06:03:37+00:00\",\"dateModified\":\"2022-08-10T17:42:05+00:00\",\"description\":\"Portrait de votre th\u00e9rapeute, mon parcours de vie et les diff\u00e9rentes \u00e9tapes qui m'ont amener \u00e0 devenir sophrologue.\",\"breadcrumb\":{\"@id\":\"https:\\\/\\\/philsophro.fr\\\/index.php\\\/portrait\\\/#breadcrumb\"},\"inLanguage\":\"fr-FR\",\"potentialAction\":[{\"@type\":\"ReadAction\",\"target\":[\"https:\\\/\\\/philsophro.fr\\\/index.php\\\/portrait\\\/\"]}]},{\"@type\":\"ImageObject\",\"inLanguage\":\"fr-FR\",\"@id\":\"https:\\\/\\\/philsophro.fr\\\/index.php\\\/portrait\\\/#primaryimage\",\"url\":\"https:\\\/\\\/i0.wp.com\\\/philsophro.fr\\\/wp-content\\\/uploads\\\/2022\\\/07\\\/IMG_5693.jpg?fit=1070%2C1280&ssl=1\",\"contentUrl\":\"https:\\\/\\\/i0.wp.com\\\/philsophro.fr\\\/wp-content\\\/uploads\\\/2022\\\/07\\\/IMG_5693.jpg?fit=1070%2C1280&ssl=1\",\"width\":1070,\"height\":1280,\"caption\":\"philippe leleu\"},{\"@type\":\"BreadcrumbList\",\"@id\":\"https:\\\/\\\/philsophro.fr\\\/index.php\\\/portrait\\\/#breadcrumb\",\"itemListElement\":[{\"@type\":\"ListItem\",\"position\":1,\"name\":\"Accueil\",\"item\":\"https:\\\/\\\/philsophro.fr\\\/\"},{\"@type\":\"ListItem\",\"position\":2,\"name\":\"Qui suis je ?\"}]},{\"@type\":\"WebSite\",\"@id\":\"https:\\\/\\\/philsophro.fr\\\/#website\",\"url\":\"https:\\\/\\\/philsophro.fr\\\/\",\"name\":\"Philsophro\",\"description\":\"\",\"publisher\":{\"@id\":\"https:\\\/\\\/philsophro.fr\\\/#organization\"},\"potentialAction\":[{\"@type\":\"SearchAction\",\"target\":{\"@type\":\"EntryPoint\",\"urlTemplate\":\"https:\\\/\\\/philsophro.fr\\\/?s={search_term_string}\"},\"query-input\":{\"@type\":\"PropertyValueSpecification\",\"valueRequired\":true,\"valueName\":\"search_term_string\"}}],\"inLanguage\":\"fr-FR\"},{\"@type\":\"Organization\",\"@id\":\"https:\\\/\\\/philsophro.fr\\\/#organization\",\"name\":\"Philsophro\",\"url\":\"https:\\\/\\\/philsophro.fr\\\/\",\"logo\":{\"@type\":\"ImageObject\",\"inLanguage\":\"fr-FR\",\"@id\":\"https:\\\/\\\/philsophro.fr\\\/#\\\/schema\\\/logo\\\/image\\\/\",\"url\":\"https:\\\/\\\/i0.wp.com\\\/philsophro.fr\\\/wp-content\\\/uploads\\\/2019\\\/10\\\/cropped-neve-yoga-logo-2.png?fit=106%2C100&ssl=1\",\"contentUrl\":\"https:\\\/\\\/i0.wp.com\\\/philsophro.fr\\\/wp-content\\\/uploads\\\/2019\\\/10\\\/cropped-neve-yoga-logo-2.png?fit=106%2C100&ssl=1\",\"width\":106,\"height\":100,\"caption\":\"Philsophro\"},\"image\":{\"@id\":\"https:\\\/\\\/philsophro.fr\\\/#\\\/schema\\\/logo\\\/image\\\/\"}}]}<\/script>\n<!-- \/ Yoast SEO plugin. -->","yoast_head_json":{"title":"Qui suis je ? - Philsophro","description":"Portrait de votre th\u00e9rapeute, mon parcours de vie et les diff\u00e9rentes \u00e9tapes qui m'ont amener \u00e0 devenir sophrologue.","robots":{"index":"index","follow":"follow","max-snippet":"max-snippet:-1","max-image-preview":"max-image-preview:large","max-video-preview":"max-video-preview:-1"},"canonical":"https:\/\/philsophro.fr\/index.php\/portrait\/","og_locale":"fr_FR","og_type":"article","og_title":"Qui suis je ? - Philsophro","og_description":"Portrait de votre th\u00e9rapeute, mon parcours de vie et les diff\u00e9rentes \u00e9tapes qui m'ont amener \u00e0 devenir sophrologue.","og_url":"https:\/\/philsophro.fr\/index.php\/portrait\/","og_site_name":"Philsophro","article_modified_time":"2022-08-10T17:42:05+00:00","og_image":[{"url":"https:\/\/philsophro.fr\/wp-content\/uploads\/2022\/07\/IMG_5693-251x300.jpg","type":"","width":"","height":""}],"twitter_card":"summary_large_image","twitter_misc":{"Dur\u00e9e de lecture estim\u00e9e":"2 minutes"},"schema":{"@context":"https:\/\/schema.org","@graph":[{"@type":"WebPage","@id":"https:\/\/philsophro.fr\/index.php\/portrait\/","url":"https:\/\/philsophro.fr\/index.php\/portrait\/","name":"Qui suis je ? - Philsophro","isPartOf":{"@id":"https:\/\/philsophro.fr\/#website"},"primaryImageOfPage":{"@id":"https:\/\/philsophro.fr\/index.php\/portrait\/#primaryimage"},"image":{"@id":"https:\/\/philsophro.fr\/index.php\/portrait\/#primaryimage"},"thumbnailUrl":"https:\/\/philsophro.fr\/wp-content\/uploads\/2022\/07\/IMG_5693-251x300.jpg","datePublished":"2019-08-20T06:03:37+00:00","dateModified":"2022-08-10T17:42:05+00:00","description":"Portrait de votre th\u00e9rapeute, mon parcours de vie et les diff\u00e9rentes \u00e9tapes qui m'ont amener \u00e0 devenir sophrologue.","breadcrumb":{"@id":"https:\/\/philsophro.fr\/index.php\/portrait\/#breadcrumb"},"inLanguage":"fr-FR","potentialAction":[{"@type":"ReadAction","target":["https:\/\/philsophro.fr\/index.php\/portrait\/"]}]},{"@type":"ImageObject","inLanguage":"fr-FR","@id":"https:\/\/philsophro.fr\/index.php\/portrait\/#primaryimage","url":"https:\/\/i0.wp.com\/philsophro.fr\/wp-content\/uploads\/2022\/07\/IMG_5693.jpg?fit=1070%2C1280&ssl=1","contentUrl":"https:\/\/i0.wp.com\/philsophro.fr\/wp-content\/uploads\/2022\/07\/IMG_5693.jpg?fit=1070%2C1280&ssl=1","width":1070,"height":1280,"caption":"philippe leleu"},{"@type":"BreadcrumbList","@id":"https:\/\/philsophro.fr\/index.php\/portrait\/#breadcrumb","itemListElement":[{"@type":"ListItem","position":1,"name":"Accueil","item":"https:\/\/philsophro.fr\/"},{"@type":"ListItem","position":2,"name":"Qui suis je ?"}]},{"@type":"WebSite","@id":"https:\/\/philsophro.fr\/#website","url":"https:\/\/philsophro.fr\/","name":"Philsophro","description":"","publisher":{"@id":"https:\/\/philsophro.fr\/#organization"},"potentialAction":[{"@type":"SearchAction","target":{"@type":"EntryPoint","urlTemplate":"https:\/\/philsophro.fr\/?s={search_term_string}"},"query-input":{"@type":"PropertyValueSpecification","valueRequired":true,"valueName":"search_term_string"}}],"inLanguage":"fr-FR"},{"@type":"Organization","@id":"https:\/\/philsophro.fr\/#organization","name":"Philsophro","url":"https:\/\/philsophro.fr\/","logo":{"@type":"ImageObject","inLanguage":"fr-FR","@id":"https:\/\/philsophro.fr\/#\/schema\/logo\/image\/","url":"https:\/\/i0.wp.com\/philsophro.fr\/wp-content\/uploads\/2019\/10\/cropped-neve-yoga-logo-2.png?fit=106%2C100&ssl=1","contentUrl":"https:\/\/i0.wp.com\/philsophro.fr\/wp-content\/uploads\/2019\/10\/cropped-neve-yoga-logo-2.png?fit=106%2C100&ssl=1","width":106,"height":100,"caption":"Philsophro"},"image":{"@id":"https:\/\/philsophro.fr\/#\/schema\/logo\/image\/"}}]}},"uagb_featured_image_src":{"full":false,"thumbnail":false,"medium":false,"medium_large":false,"large":false,"1536x1536":false,"2048x2048":false,"neve-blog":false,"woocommerce_thumbnail":false,"woocommerce_single":false,"woocommerce_gallery_thumbnail":false},"uagb_author_info":{"display_name":"philippeleleu","author_link":"https:\/\/philsophro.fr\/index.php\/author\/philippeleleu\/"},"uagb_comment_info":0,"uagb_excerpt":"Ing\u00e9nieur de formation, j&rsquo;ai travaill\u00e9 plus de 25 ans dans la finance.Il y a quelques ann\u00e9es, j&rsquo;ai d\u00e9cid\u00e9 de quitter ce monde de folie pour me recentrer sur des choses plus essentielles.Apr\u00e8s quelques ann\u00e9es pass\u00e9es \u00e0 exploiter un refuge de montagne dans le parc r\u00e9gional du Queyras\u00a0 (Hautes Alpes), je me suis install\u00e9 \u00e0 Aix&hellip;&nbsp;Lire\u2026","jetpack_sharing_enabled":true,"_links":{"self":[{"href":"https:\/\/philsophro.fr\/index.php\/wp-json\/wp\/v2\/pages\/141","targetHints":{"allow":["GET"]}}],"collection":[{"href":"https:\/\/philsophro.fr\/index.php\/wp-json\/wp\/v2\/pages"}],"about":[{"href":"https:\/\/philsophro.fr\/index.php\/wp-json\/wp\/v2\/types\/page"}],"author":[{"embeddable":true,"href":"https:\/\/philsophro.fr\/index.php\/wp-json\/wp\/v2\/users\/1"}],"replies":[{"embeddable":true,"href":"https:\/\/philsophro.fr\/index.php\/wp-json\/wp\/v2\/comments?post=141"}],"version-history":[{"count":17,"href":"https:\/\/philsophro.fr\/index.php\/wp-json\/wp\/v2\/pages\/141\/revisions"}],"predecessor-version":[{"id":1980,"href":"https:\/\/philsophro.fr\/index.php\/wp-json\/wp\/v2\/pages\/141\/revisions\/1980"}],"wp:attachment":[{"href":"https:\/\/philsophro.fr\/index.php\/wp-json\/wp\/v2\/media?parent=141"}],"curies":[{"name":"wp","href":"https:\/\/api.w.org\/{rel}","templated":true}]}}